Dec 01 06:30:01.753 INFO testing pauliushchyk/test-rust-api against master#8940af3cea4a9a9deabcaf843b2f8cad9a83fc61 for beta-1.31-5
Dec 01 06:30:01.754 INFO running `"docker" "create" "-v" "/mnt/big/crater/work/local/target-dirs/beta-1.31-5/worker-0/master#8940af3cea4a9a9deabcaf843b2f8cad9a83fc61:/target:rw,Z" "-v" "/mnt/big/crater/work/local/test-source/worker-0/beta-1.31-5/master#8940af3cea4a9a9deabcaf843b2f8cad9a83fc61:/source:ro,Z" "-v" "/mnt/big/crater/work/local/cargo-home:/cargo-home:ro,Z" "-v" "/mnt/big/crater/work/local/rustup-home:/rustup-home:ro,Z" "-e" "USER_ID=1000" "-e" "SOURCE_DIR=/source" "-e" "USER_ID=1000" "-e" "CMD=cargo +8940af3cea4a9a9deabcaf843b2f8cad9a83fc61-alt build --frozen" "-e" "CARGO_TARGET_DIR=/target" "-e" "CARGO_INCREMENTAL=0" "-e" "RUST_BACKTRACE=full" "-e" "RUSTFLAGS=--cap-lints=warn" "-e" "CARGO_HOME=/cargo-home" "-e" "RUSTUP_HOME=/rustup-home" "-m" "1536M" "--network" "none" "crater"`
Dec 01 06:30:02.147 INFO [stdout] c1e5c0e834f9140579bf50b58f0c22cadbad70ab6a95e943368f3b39c78ef48b
Dec 01 06:30:02.154 INFO running `"docker" "start" "-a" "c1e5c0e834f9140579bf50b58f0c22cadbad70ab6a95e943368f3b39c78ef48b"`
Dec 01 06:30:03.043 INFO [stderr] usermod: no changes
Dec 01 06:30:03.302 INFO [stderr]    Compiling pear_codegen v0.0.20
Dec 01 06:30:03.302 INFO [stderr]    Compiling rocket v0.3.17
Dec 01 06:30:03.303 INFO [stderr]    Compiling rocket_codegen v0.3.17
Dec 01 06:30:03.328 INFO [stderr]    Compiling diesel v1.3.3
Dec 01 06:30:03.332 INFO [stderr]    Compiling ring v0.11.0
Dec 01 06:30:03.727 INFO [stderr] error: failed to run custom build command for `pear_codegen v0.0.20`
Dec 01 06:30:03.727 INFO [stderr] process didn't exit successfully: `/target/debug/build/pear_codegen-545f8475d142af57/build-script-build` (exit code: 101)
Dec 01 06:30:03.727 INFO [stderr] --- stderr
Dec 01 06:30:03.727 INFO [stderr] [1;31mError:[0m [37mPear requires a nightly or dev version of Rust.[0m
Dec 01 06:30:03.727 INFO [stderr] [37mInstalled version is:[0m [33m1.31.0-beta.20 (2018-11-30)[0m. [37mMinimum required:[0m [33m1.30.0-nightly (2018-08-23)[0m.
Dec 01 06:30:03.727 INFO [stderr] thread 'main' panicked at 'Aborting compilation due to incompatible compiler.', /cargo-home/registry/src/github.com-1ecc6299db9ec823/pear_codegen-0.0.20/build.rs:31:13
Dec 01 06:30:03.727 INFO [stderr] stack backtrace:
Dec 01 06:30:03.727 INFO [stderr]    0:     0x56200ffca27f - std::sys::unix::backtrace::tracing::imp::unwind_backtrace::h3a8b83e1922cbdde
Dec 01 06:30:03.727 INFO [stderr]                                at libstd/sys/unix/backtrace/tracing/gcc_s.rs:49
Dec 01 06:30:03.727 INFO [stderr]    1:     0x56200ffd5c57 - std::sys_common::backtrace::print::h00d3155a29b4020f
Dec 01 06:30:03.727 INFO [stderr]                                at libstd/sys_common/backtrace.rs:71
Dec 01 06:30:03.727 INFO [stderr]                                at libstd/sys_common/backtrace.rs:59
Dec 01 06:30:03.727 INFO [stderr]    2:     0x56200ffceb1f - std::panicking::default_hook::{{closure}}::hd7465c742e79e1bb
Dec 01 06:30:03.727 INFO [stderr]                                at libstd/panicking.rs:211
Dec 01 06:30:03.727 INFO [stderr]    3:     0x56200ffce884 - std::panicking::default_hook::h9e3966f2aa2a6e12
Dec 01 06:30:03.727 INFO [stderr]                                at libstd/panicking.rs:227
Dec 01 06:30:03.727 INFO [stderr]    4:     0x56200ffcf14e - std::panicking::rust_panic_with_hook::h587f091ae747d080
Dec 01 06:30:03.727 INFO [stderr]                                at libstd/panicking.rs:476
Dec 01 06:30:03.727 INFO [stderr]    5:     0x56200ffa0cb3 - std::panicking::begin_panic::h4e3730271beb8b92
Dec 01 06:30:03.727 INFO [stderr]                                at libstd/panicking.rs:410
Dec 01 06:30:03.727 INFO [stderr]    6:     0x56200ff9ed78 - build_script_build::main::hd397855388fb565b
Dec 01 06:30:03.727 INFO [stderr]                                at /cargo-home/registry/src/github.com-1ecc6299db9ec823/pear_codegen-0.0.20/build.rs:31
Dec 01 06:30:03.727 INFO [stderr]    7:     0x56200ffa159f - std::rt::lang_start::{{closure}}::h7b3193c265bb446b
Dec 01 06:30:03.727 INFO [stderr]                                at libstd/rt.rs:74
Dec 01 06:30:03.727 INFO [stderr]    8:     0x56200ffcebc2 - std::panicking::try::do_call::h52e7f80ff0fdcc45
Dec 01 06:30:03.727 INFO [stderr]                                at libstd/rt.rs:59
Dec 01 06:30:03.727 INFO [stderr]                                at libstd/panicking.rs:310
Dec 01 06:30:03.727 INFO [stderr]    9:     0x56200ffe0c09 - __rust_maybe_catch_panic
Dec 01 06:30:03.727 INFO [stderr]                                at libpanic_unwind/lib.rs:102
Dec 01 06:30:03.727 INFO [stderr]   10:     0x56200ffbe8da - std::rt::lang_start_internal::h38cae898de7f805c
Dec 01 06:30:03.727 INFO [stderr]                                at libstd/panicking.rs:289
Dec 01 06:30:03.727 INFO [stderr]                                at libstd/panic.rs:392
Dec 01 06:30:03.728 INFO [stderr]                                at libstd/rt.rs:58
Dec 01 06:30:03.728 INFO [stderr]   11:     0x56200ffa1578 - std::rt::lang_start::h40513075cbc2edc4
Dec 01 06:30:03.728 INFO [stderr]                                at libstd/rt.rs:74
Dec 01 06:30:03.728 INFO [stderr]   12:     0x56200ff9fc49 - main
Dec 01 06:30:03.728 INFO [stderr]   13:     0x7f959460682f - __libc_start_main
Dec 01 06:30:03.728 INFO [stderr]   14:     0x56200ff9e658 - _start
Dec 01 06:30:03.728 INFO [stderr]   15:                0x0 - <unknown>
Dec 01 06:30:03.728 INFO [stderr] 
Dec 01 06:30:03.728 INFO [stderr] warning: build failed, waiting for other jobs to finish...
Dec 01 06:30:03.728 INFO [stderr] error: failed to run custom build command for `rocket_codegen v0.3.17`
Dec 01 06:30:03.728 INFO [stderr] process didn't exit successfully: `/target/debug/build/rocket_codegen-3a54d251231151b7/build-script-build` (exit code: 101)
Dec 01 06:30:03.728 INFO [stderr] --- stderr
Dec 01 06:30:03.728 INFO [stderr] [1;31mError:[0m [37mRocket requires a nightly or dev version of Rust.[0m
Dec 01 06:30:03.728 INFO [stderr] [37mInstalled version is:[0m [33m1.31.0-beta.20 (2018-11-30)[0m. [37mMinimum required:[0m [33m1.30.0-nightly (2018-08-23)[0m.
Dec 01 06:30:03.728 INFO [stderr] [34mSee the getting started guide ([0m[37mhttps://rocket.rs/guide/getting-started/[0m[34m) for more information.[0m
Dec 01 06:30:03.728 INFO [stderr] thread 'main' panicked at 'Aborting compilation due to incompatible compiler.', /cargo-home/registry/src/github.com-1ecc6299db9ec823/rocket_codegen-0.3.17/build.rs:38:17
Dec 01 06:30:03.728 INFO [stderr] stack backtrace:
Dec 01 06:30:03.728 INFO [stderr]    0:     0x563591a094af - std::sys::unix::backtrace::tracing::imp::unwind_backtrace::h3a8b83e1922cbdde
Dec 01 06:30:03.728 INFO [stderr]                                at libstd/sys/unix/backtrace/tracing/gcc_s.rs:49
Dec 01 06:30:03.728 INFO [stderr]    1:     0x563591a14e87 - std::sys_common::backtrace::print::h00d3155a29b4020f
Dec 01 06:30:03.728 INFO [stderr]                                at libstd/sys_common/backtrace.rs:71
Dec 01 06:30:03.728 INFO [stderr]                                at libstd/sys_common/backtrace.rs:59
Dec 01 06:30:03.728 INFO [stderr]    2:     0x563591a0dd4f - std::panicking::default_hook::{{closure}}::hd7465c742e79e1bb
Dec 01 06:30:03.728 INFO [stderr]                                at libstd/panicking.rs:211
Dec 01 06:30:03.728 INFO [stderr]    3:     0x563591a0dab4 - std::panicking::default_hook::h9e3966f2aa2a6e12
Dec 01 06:30:03.728 INFO [stderr]                                at libstd/panicking.rs:227
Dec 01 06:30:03.728 INFO [stderr]    4:     0x563591a0e37e - std::panicking::rust_panic_with_hook::h587f091ae747d080
Dec 01 06:30:03.728 INFO [stderr]                                at libstd/panicking.rs:476
Dec 01 06:30:03.728 INFO [stderr]    5:     0x5635919dfee3 - std::panicking::begin_panic::h3cdb33aadd4ba46c
Dec 01 06:30:03.728 INFO [stderr]                                at libstd/panicking.rs:410
Dec 01 06:30:03.728 INFO [stderr]    6:     0x5635919ddfb4 - build_script_build::main::hf707b40a95e32645
Dec 01 06:30:03.728 INFO [stderr]                                at /cargo-home/registry/src/github.com-1ecc6299db9ec823/rocket_codegen-0.3.17/build.rs:38
Dec 01 06:30:03.728 INFO [stderr]    7:     0x5635919e07cf - std::rt::lang_start::{{closure}}::h6448f073247729bf
Dec 01 06:30:03.728 INFO [stderr]                                at libstd/rt.rs:74
Dec 01 06:30:03.728 INFO [stderr]    8:     0x563591a0ddf2 - std::panicking::try::do_call::h52e7f80ff0fdcc45
Dec 01 06:30:03.728 INFO [stderr]                                at libstd/rt.rs:59
Dec 01 06:30:03.728 INFO [stderr]                                at libstd/panicking.rs:310
Dec 01 06:30:03.728 INFO [stderr]    9:     0x563591a1fe39 - __rust_maybe_catch_panic
Dec 01 06:30:03.728 INFO [stderr]                                at libpanic_unwind/lib.rs:102
Dec 01 06:30:03.728 INFO [stderr]   10:     0x5635919fdb0a - std::rt::lang_start_internal::h38cae898de7f805c
Dec 01 06:30:03.728 INFO [stderr]                                at libstd/panicking.rs:289
Dec 01 06:30:03.728 INFO [stderr]                                at libstd/panic.rs:392
Dec 01 06:30:03.728 INFO [stderr]                                at libstd/rt.rs:58
Dec 01 06:30:03.728 INFO [stderr]   11:     0x5635919e07a8 - std::rt::lang_start::h3a7d4f3d64909f8d
Dec 01 06:30:03.728 INFO [stderr]                                at libstd/rt.rs:74
Dec 01 06:30:03.728 INFO [stderr]   12:     0x5635919dee79 - main
Dec 01 06:30:03.728 INFO [stderr]   13:     0x7f275048282f - __libc_start_main
Dec 01 06:30:03.728 INFO [stderr]   14:     0x5635919dd658 - _start
Dec 01 06:30:03.728 INFO [stderr]   15:                0x0 - <unknown>
Dec 01 06:30:03.728 INFO [stderr] 
Dec 01 06:30:03.728 INFO [stderr] warning: build failed, waiting for other jobs to finish...
Dec 01 06:30:03.795 INFO [stderr] error: failed to run custom build command for `rocket v0.3.17`
Dec 01 06:30:03.795 INFO [stderr] process didn't exit successfully: `/target/debug/build/rocket-6877f3be50dcc505/build-script-build` (exit code: 101)
Dec 01 06:30:03.795 INFO [stderr] --- stderr
Dec 01 06:30:03.795 INFO [stderr] [1;31mError:[0m [37mRocket requires a nightly or dev version of Rust.[0m
Dec 01 06:30:03.795 INFO [stderr] [37mInstalled version is:[0m [33m1.31.0-beta.20 (2018-11-30)[0m. [37mMinimum required:[0m [33m1.27.0-nightly (2018-04-26)[0m.
Dec 01 06:30:03.795 INFO [stderr] [34mSee the getting started guide ([0m[37mhttps://rocket.rs/guide/getting-started/[0m[34m) for more information.[0m
Dec 01 06:30:03.795 INFO [stderr] thread 'main' panicked at 'Aborting compilation due to incompatible compiler.', /cargo-home/registry/src/github.com-1ecc6299db9ec823/rocket-0.3.17/build.rs:38:13
Dec 01 06:30:03.795 INFO [stderr] stack backtrace:
Dec 01 06:30:03.795 INFO [stderr]    0:     0x5588602dd4bf - std::sys::unix::backtrace::tracing::imp::unwind_backtrace::h3a8b83e1922cbdde
Dec 01 06:30:03.795 INFO [stderr]                                at libstd/sys/unix/backtrace/tracing/gcc_s.rs:49
Dec 01 06:30:03.795 INFO [stderr]    1:     0x5588602e8e97 - std::sys_common::backtrace::print::h00d3155a29b4020f
Dec 01 06:30:03.795 INFO [stderr]                                at libstd/sys_common/backtrace.rs:71
Dec 01 06:30:03.795 INFO [stderr]                                at libstd/sys_common/backtrace.rs:59
Dec 01 06:30:03.795 INFO [stderr]    2:     0x5588602e1d5f - std::panicking::default_hook::{{closure}}::hd7465c742e79e1bb
Dec 01 06:30:03.795 INFO [stderr]                                at libstd/panicking.rs:211
Dec 01 06:30:03.795 INFO [stderr]    3:     0x5588602e1ac4 - std::panicking::default_hook::h9e3966f2aa2a6e12
Dec 01 06:30:03.795 INFO [stderr]                                at libstd/panicking.rs:227
Dec 01 06:30:03.795 INFO [stderr]    4:     0x5588602e238e - std::panicking::rust_panic_with_hook::h587f091ae747d080
Dec 01 06:30:03.795 INFO [stderr]                                at libstd/panicking.rs:476
Dec 01 06:30:03.795 INFO [stderr]    5:     0x5588602b3ef3 - std::panicking::begin_panic::h23eecaef6526ec18
Dec 01 06:30:03.795 INFO [stderr]                                at libstd/panicking.rs:410
Dec 01 06:30:03.795 INFO [stderr]    6:     0x5588602b1fb5 - build_script_build::main::hf4a58592e5df52f0
Dec 01 06:30:03.795 INFO [stderr]                                at /cargo-home/registry/src/github.com-1ecc6299db9ec823/rocket-0.3.17/build.rs:38
Dec 01 06:30:03.795 INFO [stderr]    7:     0x5588602b47df - std::rt::lang_start::{{closure}}::hfed5074a970f8a15
Dec 01 06:30:03.795 INFO [stderr]                                at libstd/rt.rs:74
Dec 01 06:30:03.795 INFO [stderr]    8:     0x5588602e1e02 - std::panicking::try::do_call::h52e7f80ff0fdcc45
Dec 01 06:30:03.795 INFO [stderr]                                at libstd/rt.rs:59
Dec 01 06:30:03.795 INFO [stderr]                                at libstd/panicking.rs:310
Dec 01 06:30:03.795 INFO [stderr]    9:     0x5588602f3e49 - __rust_maybe_catch_panic
Dec 01 06:30:03.795 INFO [stderr]                                at libpanic_unwind/lib.rs:102
Dec 01 06:30:03.795 INFO [stderr]   10:     0x5588602d1b1a - std::rt::lang_start_internal::h38cae898de7f805c
Dec 01 06:30:03.795 INFO [stderr]                                at libstd/panicking.rs:289
Dec 01 06:30:03.795 INFO [stderr]                                at libstd/panic.rs:392
Dec 01 06:30:03.795 INFO [stderr]                                at libstd/rt.rs:58
Dec 01 06:30:03.795 INFO [stderr]   11:     0x5588602b47b8 - std::rt::lang_start::h646c4981e0fa06cc
Dec 01 06:30:03.795 INFO [stderr]                                at libstd/rt.rs:74
Dec 01 06:30:03.795 INFO [stderr]   12:     0x5588602b2e89 - main
Dec 01 06:30:03.795 INFO [stderr]   13:     0x7f510a4e982f - __libc_start_main
Dec 01 06:30:03.795 INFO [stderr]   14:     0x5588602b1658 - _start
Dec 01 06:30:03.795 INFO [stderr]   15:                0x0 - <unknown>
Dec 01 06:30:03.795 INFO [stderr] 
Dec 01 06:30:03.795 INFO [stderr] warning: build failed, waiting for other jobs to finish...
Dec 01 06:30:51.661 INFO [stderr] error: build failed
Dec 01 06:30:51.662 INFO [stderr] su: No module specific data is present
Dec 01 06:30:52.793 INFO running `"docker" "inspect" "c1e5c0e834f9140579bf50b58f0c22cadbad70ab6a95e943368f3b39c78ef48b"`
Dec 01 06:30:53.185 INFO running `"docker" "rm" "-f" "c1e5c0e834f9140579bf50b58f0c22cadbad70ab6a95e943368f3b39c78ef48b"`
Dec 01 06:30:53.439 INFO [stdout] c1e5c0e834f9140579bf50b58f0c22cadbad70ab6a95e943368f3b39c78ef48b
